 = 0. What are the prime factors of g?
5, 19
Suppose -3*c - 9*c = -643416. Suppose -32*s - 2*s = -c. List the prime factors of s.
19, 83
Let n(c) = c**2 + 3*c. Let j be n(0). List the prime factors of (-112)/42*(-169 + 1 + j).
2, 7
Suppose 1643 = k + 168. Suppose 11*l - k = 6*l. What are the prime factors of l?
5, 59
What are the prime factors of (-5151)/(-12)*(14 + (-4 - 2))?
2, 17, 101
Let x be (-14)/(-63) - 3786/27. Let f = x + 246. Suppose 284 = c + f. What are the prime factors of c?
2, 89
Suppose -462 = -2*s - 120. Let d = s + 407. What are the prime factors of d?
2, 17
Let a(o) be the third derivative of o**5/10 + 2*o**4 - o**3/3 - 64*o**2. What are the prime factors of a(-14)?
2, 251
Suppose -30*c = 30 - 30. Suppose c = 237*j - 236*j - 1347. What are the prime factors of j?
3, 449
Let o(l) = 625*l - 464. List the prime factors of o(13).
47, 163
Suppose -15*q + 17*q = 1586. Let n = 1523 - q. Suppose -4*t = -3*a - 695, n = 3*t - 4*a + 214. List the prime factors of t.
2, 11
Let q(u) = -244*u + 31. Let c be 0 + 27/(-11) + (-384)/704. What are the prime factors of q(c)?
7, 109
Let k = -42406 - -72066. List the prime factors of k.
2, 5, 1483
Suppose 0*v = -5*y + 2*v + 1476, -v - 3 = 0. List the prime factors of y.
2, 3, 7
Let b(n) = -27*n + 354. Let c be b(13). Suppose 55*s = 52*s + 3*p + 3366, c*s - p = 3366. What are the prime factors of s?
2, 3, 11, 17
Suppose -b - 3*b = 348. Let l be ((798/15)/7)/((-2)/40). Let i = b - l. List the prime factors of i.
5, 13
Let k be 0/((-1)/(-1)) - -6. Let i(v) = 5*v - 2. Let t(z) = -7*z**2 + 28*z - 38. Let f(x) = 5*i(x) - t(x). List the prime factors of f(k).
2, 131
Let r = 62 + -14. Suppose 13020 = r*j - 20*j. What are the prime factors of j?
3, 5, 31
Let p be (-1)/(10/4) - (-742)/5. Suppose m - 6*m + p = 2*h, h - 4*m = 87. Let q = 91 - h. What are the prime factors of q?
2, 3
Suppose -3*f + z = 143, -5*f - 2*z = 99 + 143. What are the prime factors of (f/(-7))/((-20)/(-2730))?
2, 3, 13
Suppose 0 = 5*s + 30, -4*s + 12658 = 5*n - 15513. What are the prime factors of n?
5639
Suppose 13*y = -0*y - 1235. List the prime factors of (-4058)/(-8) + y/(-20) + -5.
3, 13
Let o be 9/(1 + -4) - -2209. Suppose -8*z + o = 830. List the prime factors of z.
2, 43
Let i = 92 + -92. Let w be (8 + i)/(-2) - (-39 - -12). Suppose -w*v + 176 = -15*v. What are the prime factors of v?
2, 11
List the prime factors of (-1)/(6/(-12600)) - 24/(-4).
2, 3, 13
Suppose -3*k + 12*k + 144 = 0. Let s(n) = -n**2 - 35*n - 69. List the prime factors of s(k).
5, 47
What are the prime factors of 1999/(-8 - 136/(-16))?
2, 1999
Let h(c) = 6*c**3 - 40*c**2 - c - 24. Let i be h(7). Suppose -153 = -10*a + i. What are the prime factors of a?
2, 11
Let a be ((5/(-2))/5)/((-9)/(-666)). Let c(v) = -13*v - 64. List the prime factors of c(a).
3, 139
Let d = -108 + 110. What are the prime factors of ((3 - 5)*-23)/(d/4)?
2, 23
Let b = 58 + -56. Suppose b*l - 11 - 19 = 0. List the prime factors of (-2)/(6/(-15))*l.
3, 5
Suppose -4*t + 4*u = -199232, 90*t + 5*u = 93*t - 149440. List the prime factors of t.
2, 3, 5, 83
Let v = 7084 + -715. What are the prime factors of v?
3, 11, 193
Let k(g) = 7*g + 96. Let v(o) = -6*o**2 + 14*o + 1. Let c be v(3). List the prime factors of k(c).
19
Let k(h) = -h**2 - 23*h - 22. Let p = 45 - 42. Let f be (2 - -8)/((-2)/p). List the prime factors of k(f).
2, 7
Suppose 7*r - 15 = 4*r. Let f(u) = 42*u - 291. Let g be f(7). Suppose 4*m - r*t - 704 = 0, -5*t + 925 = 2*m + g*m. List the prime factors of m.
181
Let h = -73 + 105. What are the prime factors of (-5)/((-30)/908) + h/48?
2, 19
Suppose 0 = -q + 4*h + 1624, -5*q = -4*h - h - 8120. Suppose -3*o - q = -4*y, y - 9*o = -14*o + 429. List the prime factors of y.
409
Let a be 9 + 80038/7 - -5. List the prime factors of (1 - (-18)/(-4))/((-108)/a).
7, 53
Suppose 1160024 = 64*t - 451240. What are the prime factors of t?
2, 3, 1049
Let p be 16/(-4) - (-188 + -12). Let f = p + -109. What are the prime factors of f?
3, 29
Let w(y) = -4*y - 17. Let n be w(-7). Let m = 14 - n. What are the prime factors of (-1)/3*(-280 + (1 - m))?
2, 47
Let s = -12034 + 12673. List the prime factors of s.
3, 71
Let k be (4/48*9)/((-2)/(-8)). Let w be (k - 3) + -58*(-25)/2. Suppose w = 2*h + 3*h. List the prime factors of h.
5, 29
Suppose 548101 - 49405 = 8*f. What are the prime factors of f?
3, 11, 1889
Suppose -2*v + 9575 = 3*l, 3*l - 4*v - 7347 = 2204. List the prime factors of l.
3, 1063
Suppose 3014 = -3*s + 8561. Suppose s*a + 3204 = 1851*a. What are the prime factors of a?
2, 3, 89
Let h(j) = -12*j**2 - 18*j - 64. Let i(d) = 13*d**2 + 17*d + 63. Let g(k) = 6*h(k) + 7*i(k). List the prime factors of g(-4).
317
Let n be -3 + 27/6 + (-42)/(-12). Suppose 4*h = -n*t + 3298, 4*t = t - 6. What are the prime factors of h?
827
Let b(n) = n**2 + 9*n + 19. Let i be b(-7). Suppose -g + 234 = i*g. Suppose g = 3*q - 2*f, 3*q + f - 18 = 12. List the prime factors of q.
11
Let p(c) = 101*c - 1. Let y be p(-1). Suppose 230*a = 239*a + 783. Let l = a - y. List the prime factors of l.
3, 5
Let x be -1*(1 - 6 - 2). Suppose 0 = -16*w + x*w + 5490. List the prime factors of w.
2, 5, 61
Let m(r) = 9*r**2 - 7*r + 689. Let d(q) = -13*q**2 + 10*q - 1033. Let k(w) = -5*d(w) - 7*m(w). List the prime factors of k(0).
2, 3, 19
Suppose 0 = 4*n - 4*x - 7987 - 9405, -2*x - 21725 = -5*n. What are the prime factors of n?
43, 101
Suppose 4*b + 2*n - 40 = -0*n, 0 = -5*b - 4*n + 47. Suppose 28*z = b*z + 25721. List the prime factors of z.
17, 89
Let v = -225 - -81. What are the prime factors of 7963/15 - v/1080?
3, 59
Suppose 0 = 3*k - 5*k - 68. Let t = k + 49. Suppose t*l - 13*l = 262. What are the prime factors of l?
131
Suppose 15 = 5*r + 2*f, 3*f + 12 = -0*r + 4*r. Suppose -s + 0*s - 2*x = -r, 5*s + 2*x = -9. List the prime factors of ((-3)/s)/(2/6) - -114.
3, 13
What are the prime factors of (109 - 114) + (-11584)/(-6) + 2/6?
2, 3, 107
Let y = 52290 + -26456. What are the prime factors of y?
2, 12917
Suppose 90*n - 207883 = -132958 + 246285. List the prime factors of n.
43, 83
Suppose -14*a = -7*a - 21. Suppose -a*p - 8*w + 1058 = -6*w, -4*p = 3*w - 1409. What are the prime factors of p?
2, 89
Suppose -23*v = -4*v - 30818. Let j = v - 699. List the prime factors of j.
13, 71
Suppose 15 = 3*u, 10 = 5*b + 4*u - 10. Suppose -8*y - i = -5*y - 2766, 3*i = b. What are the prime factors of y?
2, 461
Suppose 9*a + 5*a = 4760. Let u = a - 174. What are the prime factors of u?
2, 83
Suppose 10 = -n + 12. Suppose -y + 12 = -n*w - 5*y, 4*w - 24 = 4*y. Suppose 0 = -w*f - 0*f + 154. What are the prime factors of f?
7, 11
Let b(x) = -x**3 - 8*x**2 - 32*x - 49. Let q be b(-25). Suppose 3*n = -33*n + q. List the prime factors of n.
2, 79
Suppose 38*u = 21*u - 101*u + 181130. What are the prime factors of u?
5, 307
Let m(f) = 2*f**3 - 44*f**2 + 43*f - 10. Let h be m(21). Let p(z) = 85*z - 86. What are the prime factors of p(h)?
3, 283
Suppose 5*f - 248 = -53. Let h = 41 - f. What are the prime factors of ((-1)/(-4))/(h/88)?
11
Suppose 0 = -2*k - 0*s - 4*s + 40, 3*s + 61 = 5*k. Let h(y) = -y**3 + 14*y**2 + 17*y + 5. What are the prime factors of h(k)?
3
Let r = 21 - 48. Let d = -8 - r. Suppose 92 - d = 5*u + 3*v, 4*u - 4*v = 52. What are the prime factors of u?
2, 7
Let j(w) = -2*w**3 - 12*w**2 - 220*w + 24. What are the prime factors of j(-15)?
2, 3, 1229
Let y(u) = 3419*u + 269. What are the prime factors of y(5)?
2, 3, 1447
Suppose 0 = 3*j - x + 58, 0*x + 3*x + 6 = -j. Let z = j - -20. List the prime factors of (z/(-3))/((-6)/513).
3, 19
Let i(b) = 4*b**2 + 34*b - 8. Let f be i(-9). Let r(d) = 9*d**2 - 12*d - 15. What are the prime factors of r(f)?
3, 5, 17
Suppose 3449*o + 3104049 = 3508*o. What are the prime factors of o?
3, 13, 19, 71
Let p(a) = -7*a**2 + 14*a - 45. Let m(k) = 120*k**2 - 240*k + 765. Let l(x) = -2*m(x) - 35*p(x). List the prime factors of l(11).
2, 3, 5
Let z = 66 + -144. List the prime factors of ((-2)/((-24)/42))/((-1)/z).
3, 7, 13
Suppose -2*a - 2*a = -2844. Let n = 1236 - a. List the prime factors of n.
3, 5, 7
Suppose -5*f + 3*d = -3*f + 17, f + 6 = d. Let u(q) = 398*q**2 - 9*q - 10. What are the prime factors of u(f)?
397
Let y be -11*(2/(-9) + (-550)/198). List the prime factors of (-60)/(y/(-24) + 7/(-56)).
2, 